ded by f.
9
Let f(h) = -h**3 + 15*h**2 + 2*h - 300. Suppose 2*o = -2*n + 36, o - 5*n + 58 = 4*o. What is the remainder when f(11) is divided by o?
14
Let x(u) = u**2 - 83*u + 1717. Calculate the remainder when 1182 is divided by x(35).
35
Suppose 3*u = 3*z + 29712, 3*u - 321*z - 29720 = -320*z. Calculate the remainder when u is divided by 11.
8
Suppose -28*h + 14*h = -812. Calculate the remainder when 1619 is divided by h.
53
Calculate the remainder when ((-216)/16 - -14)*(901 + -3) is divided by 11.
9
Let i(d) = 5*d + 522. What is the remainder when 373 is divided by i(-83)?
52
Let p = -254 - -262. Suppose -4*q + 26 = -3*j + 2, -4*q - j + 24 = 0. What is the remainder when 1/(p/(-680)*-5) is divided by q?
5
Let s be (-20)/6*(-42)/7. Suppose 216 = -12*k + s*k. What is the remainder when 159 is divided by k?
24
Let f = 1885 - 1837. Calculate the remainder when f is divided by 10.
8
Let c(l) = l + 16. Let d(z) = z**2 + 6*z - 2. Let v be d(-8). Let r = 24 - -93. Calculate the remainder when r is divided by c(v).
27
Let t = -8994 + 9635. What is the remainder when t is divided by 43?
39
Suppose 220 - 280 = -5*i - n, 0 = -3*i - 4*n + 36. What is the remainder when 3246 is divided by i?
6
Let n(c) = 11*c**2 - 2*c - 1. Suppose 0 = a - 0 + 2. Calculate the remainder when n(a) is divided by (-24)/(-14*(-4)/(-48) + (-2)/6).
15
Suppose 5*q + 165 = 55. Let a = q - -27. Suppose a*z + 118 = 5*p + 468, -4*z + p = -265. What is the remainder when z is divided by 17?
14
Suppose 5*j + 10*v - 4031 + 346 = 0, 5*v = 4*j - 2961. Calculate the remainder when j is divided by 69.
49
Let k = -15497 - -15561. Let s = 90 - 47. What is the remainder when k is divided by s?
21
Suppose 762 = 4*g - f, g - 267 = f - 78. Suppose -204 = -197*o + g*o. Calculate the remainder when 84 is divided by o.
16
Suppose 21*b - 26*b = -1340. Let j = b - 231. What is the remainder when j is divided by 16?
5
Suppose 0 = -5*p + 205*c - 209*c + 15789, 3*c - 6317 = -2*p. Calculate the remainder when p is divided by 40.
37
Let h(l) = 9*l + 3. Let m(q) = -27*q - 10. Let b(v) = 7*h(v) + 2*m(v). Let u = 19334 + -19307. What is the remainder when b(5) is divided by u?
19
Suppose -3*q - 103 = r + 121, 4*q = -3*r - 692. Let a = -179 - r. Calculate the remainder when 105 is divided by a.
48
Suppose 4*z - 16 = -4. Suppose -9 = -3*c, -6 = -z*f - 4*c - 3. Let o(r) = 7*r**2 + 10*r - 2. Calculate the remainder when 185 is divided by o(f).
30
Suppose 17*i + 12 - 46 = 0. Suppose -4*a - 5*p + 20 = 0, -a = -i*p - 3 - 15. Calculate the remainder when 69 is divided by a.
9
Suppose 14*c = -1 + 1. Let o be c*(4 + 14/(-4)). Calculate the remainder when (-4)/6*(o - (2 + 199)) is divided by 34.
32
Let w = -117 + 113. Calculate the remainder when (3/(-18)*w)/(16/4632) is divided by 39.
37
Let i(u) = -u**2 - 208*u - 10690. What is the remainder when 441 is divided by i(-97)?
56
What is the remainder when 1105 is divided by (-52 + 1)*((-60)/150)/((-2)/(-25))?
85
Calculate the remainder when (-40)/60*13455/(-30) is divided by 15.
14
Let v = -4 - -8. Let n(b) = 2*b**2 - 32. Let p(z) = 4*z**2 + 16*z + 7. Let q be p(-3). Calculate the remainder when n(q) is divided by v.
2
Suppose 10 + 62 = 3*d. Let h = 133 - 63. Let u = h - -23. Calculate the remainder when u is divided by d.
21
Suppose -n + 4*g - 3 = 0, 10*n - 6*n + 4*g - 28 = 0. Suppose -n = -4*v - 21. What is the remainder when 19 is divided by 1 + v - -3 - -11?
8
Suppose -192*q + 138 = -186*q. Calculate the remainder when 170 is divided by q.
9
Suppose -3*j + 9 = -51. Let p(d) = d - 11. Calculate the remainder when 269 is divided by p(j).
8
Suppose -3*v + 108 = 4*p, 25 = v - 0*v + 5*p. Suppose 0*r + 5*r = v. Suppose 3*t + 5*b = 29, b + 8 = -t + 5*t. What is the remainder when r is divided by t?
2
Suppose 5*v = -10*v + 173 + 142. Calculate the remainder when 586 is divided by v.
19
Let a(s) = 3*s**2 + 17*s + 231. What is the remainder when a(-26) is divided by 203?
193
Suppose -2*s = 5*i - 984, 240 = 2*s - 3*i - 712. What is the remainder when 493 is divided by s?
11
Suppose -178*i - 194*i + 300 = -342*i. What is the remainder when 4067 is divided by i?
7
Suppose 2 = -q + 3. Let m = q - -10. Let p = -198519 - -198616. What is the remainder when p is divided by m?
9
Let y(m) = 2*m**2 + 4*m - 3. Let w be y(6). Let n = -223 - -218. Calculate the remainder when (-220)/66*w/n is divided by 16.
14
Let a be (-796)/(-22) - (-24)/(-132). Suppose -14*f + 18*f - a = 0. What is the remainder when 25 is divided by f?
7
What is the remainder when 896 + 5/(25/40) is divided by 75?
4
Suppose 0 = 3*a + 2*j - 9 - 1, 4*j - 8 = 0. Suppose 5*d = a*n + 10*d - 57, -2*n + 67 = -5*d. What is the remainder when n is divided by 26?
5
Suppose 144 = 133*g - 117*g. Let a be (-4)/12*3*-79. Suppose -a = -7*h - g. Calculate the remainder when h is divided by 3.
1
Let a(o) = o**2 - 15*o + 6. Let y be a(12). Let d(u) = -5*u - 8. What is the remainder when d(-15) is divided by 6/y - 182/(-10)?
13
Suppose -u + 12 = w + 2*w, 15 = 2*u - 3*w. Let d = -129 + 189. Calculate the remainder when 3045/d - 2/(-8) is divided by u.
6
Suppose -23 = -4*r + 5*f, -5*r + 4*f = 11 - 51. Suppose -r = -g + i, -3*g + 51 = i + i. What is the remainder when (-1*g - -4)/((-1)/14) is divided by 26?
24
Let d = -1411 + 4416. What is the remainder when d/30 + (-5)/30 is divided by 26?
22
Let c(b) = -16*b**2 + 7*b + 3. Let m(h) = 14*h**2 - 5*h - 3. Let r(j) = 5*c(j) + 6*m(j). What is the remainder when r(2) is divided by 9?
5
Calculate the remainder when 0 + -1 + -2 + 49 + 183 is divided by 79.
71
Suppose 8*o - 6*o = -2*b + 718, 0 = b - 3*o - 351. Calculate the remainder when b is divided by 120.
117
Let z be (66/(-8))/(1/(-16)). Let s = -7220 + 7167. Let g = z + s. What is the remainder when g is divided by 27?
25
Let j = -3833 + 3867. Let v = 99 + 67. Calculate the remainder when v is divided by j.
30
Let z(s) = s**2 + 3*s + 1. Let d(b) = -2*b - 12. Let i be d(-2). Calculate the remainder when 154 is divided by z(i).
31
Suppose 59*i + 67*i = 24*i + 28050. What is the remainder when 23097 is divided by i?
272
Let v be (-46)/(-161) + (-1 - (-166)/7). Let i(d) = -39*d**3 - d**2 - 3*d - 2. Let j be i(-1). Let q = j - v. What is the remainder when 110 is divided by q?
14
Suppose -3*t + 18 = 3*t. Suppose -l - t = -28. Suppose 4*f - 5*q = 215 + 93, 5*f - 340 = -5*q. Calculate the remainder when f is divided by l.
22
What is the remainder when 6361 is divided by 1/(-12) + 930/(-72) + 38?
11
Calculate the remainder when (7/14)/((-8)/80) + 973 is divided by 229.
52
Suppose 80 = 2*f - 52. Let t = f - 21. What is the remainder when 132 is divided by t?
42
Suppose 3*d + 44081 = -12*d + 32*d. What is the remainder when d is divided by 15?
13
Suppose x - 1 - 18 = -4*v, 5*v - 3*x - 11 = 0. Suppose 0 = -v*z + 12*z - 80. Calculate the remainder when 48 is divided by z.
8
Suppose -5*r - 5*i = -1090, -4*i = -0 + 20. Calculate the remainder when 664 is divided by r.
218
Suppose 7*s - 2 = 523. Suppose 5*k + s = -105. Let w = k - -46. Calculate the remainder when 38 is divided by w.
8
Suppose -80*y = -81*y + 318. Let p = y + -238. What is the remainder when p is divided by 30?
20
Let v be 108 + 9/((-9)/8). Suppose c - 450 = -4*c. Suppose -u - c + v = 0. What is the remainder when 38 is divided by u?
8
Let w(l) be the first derivative of -13*l**3/3 + l**2/2 + 32*l + 12. What is the remainder when 317 is divided by w(0)?
29
Suppose q + 3*g = 163 + 97, -4*q + 1058 = 3*g. What is the remainder when 547 is divided by q?
15
Suppose -5*p + 2*h = -91, 6*p = 3*p + 2*h + 57. Let o = p + -15. Suppose -o*q + 42 = -q. Calculate the remainder when q is divided by 15.
12
Let a(w) = -w**3 + 18*w**2 - 5*w + 36. Let l be a(18). Let g = -47 - l. Suppose 17*t - 14 = 309. What is the remainder when t is divided by g?
5
Let z(o) = -5*o + 7. Let t(d) = -24*d + 34. Let g(x) = 3*t(x) - 16*z(x). Calculate the remainder when g(5) is divided by 16/(-3)*6/(-4).
6
Let q(h) = 4*h**3 + 2*h**2 + 9*h + 4. Let n(w) = 3*w**3 + w**2 + 9*w + 5. Let k(u) = 5*n(u) - 4*q(u). What is the remainder when 123 is divided by k(0)?
6
Suppose k = t + 74, 4*k + k + t - 394 = 0. What is the remainder when 124 is divided by k?
46
Let m = -359 - -844. Suppose 57 = 2*h - l, l - 105 = 10*h - 14*h. Calcula